m = 30 + -28. Let d be m + (-33)/(7 - 4). What is the remainder when 21 is divided by ((-9)/2)/d*16?
5
Calculate the remainder when 411 is divided by ((-28)/(-6) + 0)*(-576)/(-384).
5
Let o(u) = 3*u - 7. Let j be o(6). Let r be 9/(9/(-4)) + j. Calculate the remainder when 25 is divided by 408/56 + (-2)/r.
4
Let l(n) = -n**2 - 25*n + 134. Calculate the remainder when 53 is divided by l(-28).
3
Suppose -3*a - 24*s + 21*s = -96, -54 = -2*a - 4*s. What is the remainder when 165 is divided by a?
17
Let b = -2 - -2. Suppose g - 16 + 2 = b. What is the remainder when 40 is divided by g?
12
Let g(x) = -3*x - 6. Let a be ((-2)/4)/(1/(-12)). Suppose -3*i = 2*t + a, 2*i + 3 = 2*t - 11. Calculate the remainder when 11 is divided by g(i).
5
Suppose -4*b - s - 8 + 44 = 0, 5*s = 0. Calculate the remainder when (66/(-3))/((-12)/24) is divided by b.
8
Let d = 47 - -72. Calculate the remainder when d is divided by 11.
9
Let q = -20 + 35. Suppose l - 4*i - 27 = 0, 0 = 2*l - 0*l + 5*i - q. What is the remainder when l is divided by 6?
3
Suppose -4*h - 27 = -19. Suppose -262 = -5*z + 2*u, -2*z + 84 = -2*u - 16. Calculate the remainder when z is divided by (-6)/(-6)*(h + 16).
12
Suppose 17*l - 343 - 252 = 0. What is the remainder when l is divided by 33?
2
Suppose -3*b + 66 + 459 = 0. Suppose 2*l - 82 = -4*a, 3*l = 2*a - 12 + b. Calculate the remainder when l is divided by (-624)/((-36)/(-3))*1/(-2).
25
Let r(s) = 93*s + 24. Calculate the remainder when 63 is divided by r(0).
15
Let m = -42 - -88. Let a = 1341 + -1335. What is the remainder when m is divided by a?
4
Suppose -3*r - 2*j - 50 = 0, 6*r - 2*r + 5*j + 69 = 0. Calculate the remainder when 65 is divided by (-24)/r*(-1)/3*-22.
10
Suppose 7*c - 271 = -4*a + 2*c, -5*a + 332 = 4*c. Let u = a - 32. Let s(q) = -3*q + 12. What is the remainder when u is divided by s(-2)?
14
Let q(p) = 2*p - 15. Suppose 3*x - 2*x = 5*u - 6, -2*u = -4. Suppose 5*f = -2*b + 62, x = 3*b + 1. Calculate the remainder when f is divided by q(9).
0
Let y be (-4)/4 - (-30)/6. Suppose -j + y*x - 6*x = -6, -3*j = -5*x - 29. Let m(c) = 2*c**2 + c - 7. Calculate the remainder when m(-5) is divided by j.
6
Suppose 20 = 3*d - 16. Let j be (-2)/(-8) + (-51)/d. What is the remainder when ((-2)/4)/(j/48) is divided by 2?
0
Let b = 360 + 88. What is the remainder when b/10 + 5/25 is divided by 23?
22
Let g = -3050 + 3110. What is the remainder when 380 is divided by g?
20
Let d = 40 + -110. What is the remainder when 25 is divided by 1/(4 - (-275)/d)?
11
Let n be 74/(-8) - 1/(-4). Let g = n - -17. Calculate the remainder when (-86)/(-3) + 28/21 is divided by g.
6
Let a be 15*(-2)/(-24)*4. Suppose z = -a*p + 28, 5*p = -3*z - 1 + 35. Suppose -13 - 82 = -p*s. Calculate the remainder when s is divided by 5.
4
Suppose -4*q = -107 - 133. What is the remainder when 20 is divided by ((-18)/(-10))/(18/q)?
2
Suppose -5*h = 3*s - 3096, s + 2*h - 1093 = -62. Calculate the remainder when s is divided by 20.
17
Suppose -3*q - 2*q = 25, 3*t = 2*q + 25. Let j = t + 6. Suppose -j - 1 = -o. What is the remainder when o is divided by 7?
5
Suppose -2 + 10 = 2*d. Suppose 2*f - d = f. Calculate the remainder when 26 is divided by ((-2)/f)/((-6)/108).
8
Suppose 7*r = 3*r + 56. What is the remainder when r is divided by 13?
1
Calculate the remainder when -1 + 11 - (1 + 5 + -3) is divided by 1 + -2 + (-4)/(-1).
1
Let x = -78 + 87. Suppose -x*t + 13*t = 244. Calculate the remainder when t is divided by 9.
7
What is the remainder when 64 is divided by (-20)/(-30)*(-78)/(-4)?
12
Let z be (-6)/9 - 205/(-15). Let c = 16 - z. Suppose -7*y - f = -2*y - 11, f = -c*y + 7. What is the remainder when 4 is divided by y?
0
Suppose 3*d + 6 - 39 = 0. Suppose -12*p + 51 = -201. What is the remainder when p is divided by d?
10
Suppose -2*y + 6 = -5*l, l - 2*y + 1 = 3. Let z be 24*((-44)/8 - l). What is the remainder when 30 is divided by (-2)/(-4) + z/(-8)?
8
Let b(x) = -x**3 + 16*x**2 - 10*x + 8. What is the remainder when b(15) is divided by 30?
23
What is the remainder when ((-1185)/30 + 9)*(-4)/2 is divided by 34?
27
Suppose -9282 = -66*l - 1230. Calculate the remainder when l is divided by 56.
10
Suppose 27*d - 236 - 7 = 0. Suppose 0 = 5*k - 2*b - 0*b - 88, b + 36 = 2*k. Calculate the remainder when k is divided by d.
7
Suppose 0 = 17*k - 12*k - 30. What is the remainder when (54/(-8))/(2/(-8)) is divided by k?
3
Let y = 1283 + -1179. Calculate the remainder when 198 is divided by y.
94
Suppose -2*n - 8 + 6 = 0. What is the remainder when 2/(133/66 - (n - -3)) is divided by 45?
42
Let i be 1 - (-3 + -2 + 4). Suppose -8 = 2*m, -p = 2*p + m - 5. Suppose -5*d + 72 = -p*x, d + 32 = 3*d + i*x. What is the remainder when 28 is divided by d?
13
Let o(g) = g - 3. Let h be o(8). Suppose -h*j + 47 = -r, 7*j - 2*j - 5*r - 35 = 0. Calculate the remainder when ((-30)/60)/((-2)/68) is divided by j.
7
Suppose 4*x - 2*x = 0. Suppose x*b = -2*b - a + 112, -3*b = -2*a - 175. Let z = b - 41. What is the remainder when z is divided by 6?
4
Suppose -q + 251 = -4*o, -9*q - 246 = -10*q - o. What is the remainder when q is divided by 34?
9
Let t = -23 - -32. What is the remainder when 142 is divided by t?
7
Suppose 3*x + 22*z = 19*z + 63, 2*x - 21 = 5*z. Calculate the remainder when 395 is divided by x.
17
Let s(z) = -3*z**2 - 5*z - 11. Let k(j) = -j**2 + j + 1. Let r(n) = 4*k(n) - s(n). Calculate the remainder when 112 is divided by r(7).
25
Let y(a) = 5*a - 30. Let b be y(6). Suppose -9*g + 72 + b = 0. Calculate the remainder when 29 is divided by g.
5
Let t(x) = 2*x**2 - 11*x + 45. What is the remainder when t(19) is divided by 5?
3
Let l(d) = d**2 - d - 3. Let r = 797 + -527. What is the remainder when r is divided by l(-4)?
15
Let v = -105 - -109. Let m = -16 + 11. Let x(d) = -3*d + 4. What is the remainder when x(m) is divided by v?
3
Let a(j) = 2*j**2 - 17*j - 46. Let g(c) = -c**2 + 9*c + 23. Let o(p) = 2*a(p) + 5*g(p). Calculate the remainder when 44 is divided by o(11).
21
Let x = 178 + -169. What is the remainder when x is divided by 5?
4
Suppose -38*a = -37*a - 6. Calculate the remainder when 1035 is divided by a.
3
Suppose -5*u - 3 = -63. Suppose -232 = -4*m - q, 8*m + 3*q = 9*m - 58. Calculate the remainder when m is divided by u.
10
Let y(j) = -j**3 - 4*j**2 + 30*j + 15. Calculate the remainder when 47 is divided by y(4).
5
Let j = 89 - 12. Suppose -72*c - 155 = -j*c. Calculate the remainder when c is divided by 8.
7
Let d be (-6)/10 - (-8)/(-20). Let q = 50 - 48. What is the remainder when 27 is divided by (-2 - d - -15)/q?
6
Suppose -31 = -5*u + 24. Let g be (-3)/30*4*-15. Calculate the remainder when (-1)/g - (-253)/6 is divided by u.
9
Let a = 35 + -33. Suppose 15 = 5*r - a*r. What is the remainder when r is divided by 4?
1
Let d = -9 - -26. Let s = 126 + -100. Calculate the remainder when s is divided by d.
9
Let b = 3143 + -3118. What is the remainder when 15/((18/(-28))/(-3)) is divided by b?
20
Let f(j) = j**3 + 6*j**2 + 7*j + 6. Let a(p) = -8*p - 19. Let r be a(-3). What is the remainder when (-1)/(r + -1 + (-654)/162) is divided by f(-4)?
7
Let w(y) = -38*y - 2. Let n be w(-1). Let g be n/(((-4)/14)/(-1)). Let c = g - 55. What is the remainder when c is divided by 18?
17
Let v(n) = n**3 - 12*n**2 + 4*n - 24. Calculate the remainder when 70 is divided by v(12).
22
Let g(a) = -2*a**2 - 17*a + 13. What is the remainder when 16/(-2 + 6) + 3 is divided by g(-9)?
3
Suppose -10*m - m = -836. Calculate the remainder when 375 is divided by m.
71
Let a = 309 - 268. What is the remainder when a is divided by 3?
2
Let z(s) = -s**2 + 13*s - 11. Let d(n) = -n**2 - 4*n + 1. Let y be d(-7). Let b = -9 - y. Calculate the remainder when 21 is divided by z(b).
10
Let o(d) = -d**3 - 6*d**2 - 38*d + 9. Calculate the remainder when o(-5) is divided by 96.
78
Let o = 226 + -22. Suppose -s - n - 4*n + 68 = 0, -o = -3*s - 3*n. What is the remainder when s is divided by 14?
12
Suppose 4*j + 252 = 2*r, -j = 4*r - 3*r - 138. Suppose -3*x - 5*m = -r, -5*x + 187 + 7 = m. What is the remainder when x is divided by 8?
6
Let b(p) = 30*p**2 + 10*p + 26. What is the remainder when b(-2) is divided by 39?
9
Suppose -22 + 6 = 3*j - 4*c, 0 = -3*j + c - 22. What is the remainder when 22 is divided by (4/(-8))/(j/192)?
